e 4889?
False
Is 20 a factor of 14380?
True
Is 19 a factor of 1919?
True
Is 53 a factor of 3657?
True
Does 14 divide 19698?
True
Is 28 a factor of 476?
True
Is 147 a factor of 6615?
True
Does 9 divide 255?
False
Does 3 divide 312?
True
Is 3 a factor of 3387?
True
Does 3 divide 2524?
False
Is 18 a multiple of 13?
False
Does 9 divide 433?
False
Is 7727 a multiple of 217?
False
Does 21 divide 761?
False
Is 3408 a multiple of 12?
True
Does 123 divide 1337?
False
Is 92 a factor of 1898?
False
Does 274 divide 9864?
True
Is 13 a factor of 38701?
True
Is 8811 a multiple of 134?
False
Is 9 a factor of 771?
False
Is 44 a factor of 4840?
True
Is 11 a factor of 5357?
True
Is 1638 a multiple of 18?
True
Is 29604 a multiple of 14?
False
Does 11 divide 20878?
True
Does 10 divide 1673?
False
Is 1578 a multiple of 6?
True
Is 1493 a multiple of 38?
False
Is 40 a multiple of 40?
True
Is 918 a multiple of 102?
True
Does 12 divide 6072?
True
Is 661 a multiple of 12?
False
Does 11 divide 1974?
False
Is 14964 a multiple of 129?
True
Does 4 divide 1136?
True
Is 418 a multiple of 19?
True
Is 17 a factor of 986?
True
Does 16 divide 240?
True
Is 16 a factor of 8860?
False
Does 15 divide 1755?
True
Is 103 a multiple of 6?
False
Is 34 a factor of 17544?
True
Is 7031 a multiple of 89?
True
Is 18 a factor of 395?
False
Does 17 divide 5602?
False
Does 99 divide 17765?
False
Is 43712 a multiple of 234?
False
Is 6150 a multiple of 15?
True
Does 16 divide 1749?
False
Is 386 a multiple of 9?
False
Is 8 a factor of 3263?
False
Is 61 a factor of 2440?
True
Is 1541 a multiple of 67?
True
Is 1260 a multiple of 35?
True
Does 42 divide 61968?
False
Does 14 divide 140938?
True
Does 11 divide 2395?
False
Does 79 divide 2607?
True
Does 74 divide 4218?
True
Is 52 a factor of 2281?
False
Is 17 a factor of 167953?
False
Is 1749 a multiple of 78?
False
Is 3684 a multiple of 12?
True
Is 199 a factor of 117808?
True
Does 7 divide 31?
False
Is 56504 a multiple of 56?
True
Does 112 divide 767?
False
Does 3 divide 132?
True
Is 8850 a multiple of 3?
True
Is 91800 a multiple of 27?
True
Is 14690 a multiple of 65?
True
Is 3042 a multiple of 78?
True
Is 11 a factor of 4079?
False
Is 341 a multiple of 20?
False
Is 4 a factor of 54?
False
Is 3 a factor of 8218?
False
Does 149 divide 3278?
True
Does 10 divide 18022?
False
Is 56 a factor of 6575?
False
Is 15654 a multiple of 163?
False
Is 78 a factor of 115986?
True
Is 215 a factor of 30678?
False
Is 732 a multiple of 4?
True
Does 15 divide 6503?
False
Is 13 a factor of 4455?
False
Does 8 divide 115?
False
Is 22986 a multiple of 23?
False
Is 397 a multiple of 14?
False
Is 39650 a multiple of 122?
True
Does 29 divide 7018?
True
Is 3240 a multiple of 10?
True
Is 3132 a multiple of 53?
False
Is 4077 a multiple of 9?
True
Does 13 divide 116?
False
Does 10 divide 7090?
True
Is 12099 a multiple of 71?
False
Is 8 a factor of 6059?
False
Does 11 divide 56?
False
Is 930 a multiple of 83?
False
Is 54 a factor of 4806?
True
Is 15 a factor of 5711?
False
Is 94 a factor of 30362?
True
Is 8438 a multiple of 16?
False
Does 14 divide 1988?
True
Is 18652 a multiple of 104?
False
Is 12882 a multiple of 114?
True
Does 28 divide 29873?
False
Is 20749 a multiple of 14?
False
Is 23504 a multiple of 104?
True
Does 21 divide 51974?
False
Does 102 divide 63852?
True
Is 8 a factor of 982?
False
Is 40 a factor of 682?
False
Does 27 divide 51036?
False
Is 169 even?
False
Is 40 a factor of 16504?
False
Is 9 a factor of 387?
True
Does 16 divide 304?
True
Does 108 divide 8856?
True
Does 65 divide 1566?
False
Is 29298 a multiple of 8?
False
Is 49446 a multiple of 67?
True
Is 18 a factor of 83?
False
Is 629 a multiple of 37?
True
Does 97 divide 1965?
False
Is 1520 a multiple of 34?
False
Does 6 divide 816?
True
Does 15 divide 1755?
True
Is 22 a multiple of 9?
False
Does 18 divide 13824?
True
Is 21 a factor of 63?
True
Is 26 a multiple of 11?
False
Does 30 divide 56250?
True
Does 5 divide 4927?
False
Is 103 a factor of 5923?
False
Is 672 a multiple of 42?
True
Is 57 a factor of 570?
True
Is 9 a factor of 1308?
False
Is 525 a multiple of 75?
True
Does 84 divide 3165?
False
Does 10 divide 1520?
True
Does 4 divide 772?
True
Does 3 divide 265?
False
Is 181 a factor of 39277?
True
Is 408 a multiple of 5?
False
Does 31 divide 1555?
False
Does 4 divide 1502?
False
Is 11 a factor of 484?
True
Does 13 divide 35747?
False
Does 2 divide 212?
True
Is 6918 a multiple of 11?
False
Is 4 a factor of 1113?
False
Does 66 divide 10164?
True
Is 2496 a multiple of 16?
True
Is 632 a multiple of 20?
False
Is 10071 a multiple of 34?
False
Is 4 a factor of 5188?
True
Is 9 a factor of 14517?
True
Is 3483 a multiple of 27?
True
Does 23 divide 499?
False
Does 72 divide 317?
False
Is 242 a multiple of 9?
False
Is 179 a factor of 7079?
False
Does 17 divide 77231?
True
Is 3 a factor of 7?
False
Is 5755 a multiple of 169?
False
Is 12787 a multiple of 12?
False
Does 79 divide 1106?
True
Is 63011 a multiple of 131?
True
Does 6 divide 332?
False
Is 4 a factor of 75?
False
Does 49 divide 49?
True
Does 9 divide 405?
True
Is 5780 a multiple of 170?
True
Does 5 divide 130?
True
Is 279 a multiple of 3?
True
Does 66 divide 4158?
True
Does 17 divide 85?
True
Does 9 divide 1166?
False
Is 7 a factor of 8419?
False
Is 52917 a multiple of 31?
True
Does 15 divide 70262?
False
Is 50 a factor of 36100?
True
Is 14340 a multiple of 27?
False
Is 51 a factor of 10415?
False
Does 18 divide 3183?
False
Does 219 divide 3504?
True
Is 3844 a multiple of 12?
False
Is 576 a multiple of 16?
True
Is 5 a factor of 24557?
False
Is 17 a factor of 1759?
False
Is 8047 a multiple of 14?
False
Is 42 a factor of 1806?
True
Does 113 divide 4865?
False
Does 4 divide 6?
False
Is 13 a factor of 4882?
False
Is 11 a factor of 1662?
False
Is 13 a factor of 169?
True
Is 19 a factor of 209?
True
Does 116 divide 9860?
True
Does 4 divide 440?
True
Is 540 a multiple of 15?
True
Is 4 a factor of 48?
True
Is 6907 a multiple of 10?
False
Is 304 a multiple of 7?
False
Is 21 a factor of 20035?
False
Is 282 a multiple of 47?
True
Does 8 divide 2272?
True
Does 13 divide 22121?
False
Is 61 a multiple of 38?
False
Does 6 divide 931?
False
Is 2 a factor of 39?
False
Is 23 a factor of 141279?
False
Does 20 divide 140?
True
Is 14 a factor of 2997?
False
Is 947 a multiple of 26?
False
Is 9 a factor of 31320?
True
Does 5 divide 284?
False
Is 375 a multiple of 25?
True
Does 53 divide 689?
True
Is 8109 a multiple of 153?
True
Is 825 a multiple of 55?
True
Does 8 divide 5576?
True
Does 14 divide 174?
False
Is 8 a factor of 912?
True
Is 44 a factor of 50424?
True
Does 204 divide 5781?
False
Does 6 divide 529?
False
Is 19 a factor of 10412?
True
Is 4004 a multiple of 26?
True
Is 9625 a multiple of 77?
True
Is 74 a factor of 32044?
False
Is 5400 a multiple of 24?
True
Does 22 divide 3630?
True
Does 128 divide 21985?
False
Does 7 divide 8211?
True
Is 64 a factor of 1323?
False
Is 38 a factor of 78394?
True
Does 10 divide 856?
False
Does 2 divide 3111?
False
Is 4 a factor of 68?
True
Is 17205 a multiple of 219?
False
Does 32 divide 93668?
False
Does 41 divide 12095?
True
Does 2 divide 252?
True
Is 51 a factor of 2938?
False
Is 1760 a multiple of 16?
True
Is 1445 a multiple of 17?
True
Is 19476 a multiple of 9?
True
Does 5 divide 427?
False
Does 9 divide 1207?
False
Is 20 a factor of 1701?
False
Does 14 divide 1310?
False
Is 11 a factor of 2654?
False
Is 107 a factor of 10291?
False
Does 18 divide 594?
True
Is 109 a multiple of 109?
True
Is 1456 a multiple of 33?
False
Is 42 a factor of 2184?
True
Does 23 divide 3289?
True
Is 17 a factor of 1700?
True
Is 1020 a multiple of 12?
True
Is 10 a factor of 690?
True
Is 5218 a multiple of 8?
False
Is 3365 a multiple of 8?
False
Is 7 a factor of 7?
True
Does 20 divide 2953?
False
Is 23711 a multiple of 53?
False
Is 39 a factor of 156?
True
Does 21 divide 2331?
True
Does 2 divide 563?
False
Is 16 a factor of 29856?
True
Is 35 a factor of 2888?
False
Is 9 a factor of 16489?
False
Is 54 a factor of 9180?
True
Does 30 divide 11670?
True
Is 9060 a multiple of 60?
True
Is 12351 a multiple of 12?
False
Is 100 a factor of 2200?
True
Is 2081 a multiple of 22?
False
Does 73 divide 1980?
False
Does 45 divide 52864?
False
Does 8 divide 13920?
True
Is 5 a f